 5, what is -142321 + -4?
-142330
In base 13, what is 47c - 1c?
460
In base 9, what is 1076 - 45?
1031
In base 13, what is 0 + 1c786?
1c786
In base 9, what is -2 - 234482?
-234484
In base 8, what is -34 - 3337?
-3373
In base 11, what is 3 + 108027?
10802a
In base 10, what is -949 + -142?
-1091
In base 5, what is -1013344233 + 4?
-1013344224
In base 10, what is 2133549 - -3?
2133552
In base 12, what is -30 + 1a3?
173
In base 12, what is -274 - -860?
5a8
In base 5, what is -31343304 + 10?
-31343244
In base 10, what is 519 + 1826?
2345
In base 10, what is -184937 + 6?
-184931
In base 9, what is -27234 - -11?
-27223
In base 8, what is -41531 + 45?
-41464
In base 4, what is -1110 + -3102022?
-3103132
In base 15, what is 1096d9 - 3?
1096d6
In base 11, what is 1 + -3357?
-3356
In base 10, what is -360 + -64?
-424
In base 5, what is -14024 - 2242?
-21321
In base 7, what is 126114 + 3?
126120
In base 8, what is -4 + -40200?
-40204
In base 5, what is 323010 + -10?
323000
In base 13, what is 24b02 - -5?
24b07
In base 6, what is -1155 - -321?
-434
In base 2, what is -10110011 + -11101010010?
-100000000101
In base 5, what is 1 + 311010?
311011
In base 6, what is 2 + -315343?
-315341
In base 11, what is -2 - -52831?
5282a
In base 2, what is 1110001010011 - 100110011?
1101100100000
In base 9, what is 1187 + 48?
1246
In base 15, what is -d72 - 18?
-d8a
In base 8, what is -56 - -220?
142
In base 6, what is -1 + -1050003?
-1050004
In base 9, what is -8325 - 180?
-8515
In base 14, what is 1 - -502?
503
In base 14, what is -30104 + 16?
-300cc
In base 8, what is -165451 + 0?
-165451
In base 13, what is 195 + -1a9?
-14
In base 2, what is 10001 - -100011110011001?
100011110101010
In base 4, what is 11 + -3211110?
-3211033
In base 8, what is -57357 + -6?
-57365
In base 9, what is -223334 - -6?
-223327
In base 2, what is -1011001011 - -1?
-1011001010
In base 7, what is -1320451 - -3?
-1320445
In base 9, what is 115041 - -3?
115044
In base 9, what is 1316133 - -1?
1316134
In base 9, what is 222 + -1760?
-1537
In base 12, what is 1a - -17a43?
17a61
In base 4, what is 1 + -212312?
-212311
In base 10, what is 4 + 92801?
92805
In base 15, what is 4 - 6c6d?
-6c69
In base 12, what is -20b + 15?
-1b6
In base 4, what is -12023330203 - -10?
-12023330133
In base 4, what is -121323101300 - -3?
-121323101231
In base 7, what is 16 - 11023?
-11004
In base 3, what is 202000 + 212221?
1121221
In base 16, what is 4 - 4027?
-4023
In base 6, what is 2134040 + 3?
2134043
In base 12, what is -156 - -109?
-49
In base 4, what is -13 - -11321201?
11321122
In base 11, what is 2 + -974a8?
-974a6
In base 6, what is -410324342 - -1?
-410324341
In base 12, what is 0 + 51099?
51099
In base 2, what is -1100111 + 10000111001110?
10000101100111
In base 6, what is 132515142 + 4?
132515150
In base 10, what is 268817 + 0?
268817
In base 6, what is 102212232 - -5?
102212241
In base 10, what is -224 + 316?
92
In base 9, what is -537 - -1331?
683
In base 11, what is -10898 + 38?
-10860
In base 16, what is -93 + -ce?
-161
In base 7, what is -241 + -434?
-1005
In base 9, what is -502 - -143?
-348
In base 11, what is 2 - -102192?
102194
In base 11, what is 206 - -152?
358
In base 4, what is 220 - 11010?
-10130
In base 16, what is 1 - 3fc0?
-3fbf
In base 8, what is -13212672 + -3?
-13212675
In base 6, what is 1340545 + 4?
1340553
In base 5, what is -42033 + -4432?
-102020
In base 14, what is 2820 + 17?
2837
In base 15, what is 10 + 1cbb5?
1cbc5
In base 4, what is -220013221 - 10?
-220013231
In base 16, what is -43 - -221?
1de
In base 2, what is -1000 - -1000001010?
1000000010
In base 16, what is 5 - -380e?
3813
In base 2, what is -101100010010 - 1000?
-101100011010
In base 7, what is 1 + -25416?
-25415
In base 2, what is -10000001111101110 + 1?
-10000001111101101
In base 6, what is 3520243 - -14?
3520301
In base 14, what is 4 + -17728a?
-177286
In base 13, what is -14ba + 0?
-14ba
In base 4, what is -132231 - -3?
-132222
In base 14, what is 4 - -24989?
2498d
In base 7, what is -3 + 2605315?
2605312
In base 10, what is 395645 + -5?
395640
In base 14, what is 4a1 - -2b?
4cc
In base 11, what is 377 - 1022?
-756
In base 8, what is -2 - 13760?
-13762
In base 11, what is -58 - 3662?
-370a
In base 8, what is 22562 + -3?
22557
In base 12, what is -6963 + 2?
-6961
In base 8, what is 1377 - 54?
1323
In base 8, what is -51 + 2131?
2060
In base 4, what is 11213 + 2013?
13232
In base 8, what is -13006 + -14?
-13022
In base 3, what is -2002001202102 + 12?
-2002001202020
In base 8, what is -1246 - 5370?
-6636
In base 13, what is -17449 - -2?
-17447
In base 14, what is -792 + 69?
-727
In base 5, what is 22 + -2312?
-2240
In base 4, what is -1103 + 212000?
210231
In base 14, what is 1b - 1107?
-10ca
In base 7, what is -112026 + -62?
-112121
In base 2, what is 10100010 + 100110011?
111010101
In base 4, what is -1012301 - 12221?
-1031122
In base 12, what is 166a07 + -a?
1669b9
In base 16, what is -7a + 1bd?
143
In base 13, what is -4 + -3474aa?
-3474b1
In base 11, what is 4550 - -18?
4568
In base 13, what is -26394 - 0?
-26394
In base 15, what is -d67 + -5?
-d6c
In base 15, what is 5 + -c5cc3?
-c5cbd
In base 6, what is -52403220 - -1?
-52403215
In base 5, what is -4210 - 114330?
-124040
In base 15, what is -4 - -1208?
1204
In base 16, what is 5 - 67aa0?
-67a9b
In base 3, what is 2010220 + -112111?
1121102
In base 13, what is 2 - 202a3?
-202a1
In base 4, what is 200 + -3030312?
-3030112
In base 5, what is -212 + -12041?
-12303
In base 14, what is -b700 - -1?
-b6dd
In base 3, what is 122 - -2221110012?
2221110211
In base 5, what is 10 + 100204?
100214
In base 11, what is -a - 35187?
-35196
In base 15, what is -6 + 681c?
6816
In base 14, what is 18808 - 24?
187c4
In base 10, what is 7238 + -11?
7227
In base 14, what is 2d + -c6?
-97
In base 15, what is 0 - -30a4?
30a4
In base 12, what is -1 + 269a2?
269a1
In base 16, what is 91 + 12eb?
137c
In base 14, what is b8d5d - -5?
b8d64
In base 6, what is 3021305 + 4?
3021313
In base 9, what is -102522 - 8?
-102531
In base 2, what is 1001101001000 + 11111111?
1010001000111
In base 3, what is -11120 - 1100101012?
-1100112202
In base 11, what is 229 - 2098?
-196a
In base 16, what is -21 - 344?
-365
In base 16, what is 8 - -95f?
967
In base 10, what is -4 + -6973?
-6977
In base 14, what is 372a58 + 3?
372a5b
In base 4, what is 210 + 31312102?
31312312
In base 10, what is -4 + -102897?
-102901
In base 12, what is -1797 + -22?
-17b9
In base 4, what is 3332312 + 121?
3333033
In base 8, what is 14 - 5177?
-5163
In base 16, what is 31a - -20?
33a
In base 7, what is 1304 + -4532?
-3225
In base 16, what is 9c887 + 1?
9c888
In base 4, what is -220211011 + -10?
-220211021
In base 5, what is 1010 + 423144?
424204
In base 12, what is -a + 9167?
9159
In base 3, what is 100122021 + 0?
100122021
In base 9, what is 31877 - -122?
32110
In base 5, what is 0 + 4100321?
4100321
In base 8, what is -754 - -1602?
626
In base 12, what is 273a6 - 0?
273a6
In base 12, what is 75 - -487?
540
In base 8, what is -4 - -562555?
562551
In base 2, what is 10 - -111100000111010110?
111100000111011000
In base 5, what is 14220 - -104?
14324
In base 11, what is 187 + 4039?
4215
In base 15, what is -1 - 1d6b8?
-1d6b9
In base 13, what is -b1 + 8c?
-22
In base 13, what is 1277439 + -3?
1277436
In base 14, what is -14cbc2 - 1?
-14cbc3
In base 6, what is 1242132 + 4?
1242140
In base 16, what is 82 + -5c05?
-5b83
In base 10, what is -29799 - 4?
-29803
In base 8, what is 130315 - -55?
130372
In base 12, what is 5 - 10387?
-10382
In base 5, what is 3242142 - 4?
3242133
In base 11, what is -5 - -95a2?
9598
In base 6, what is -204 - -4510?
4302
In base 6, what is 13230 + 30?
13300
In base 16, what is -106cd + -f?
-106dc
In base 3, what is -222 + -2001122?
-2002121
In base 3, what is -100022012011002 - 0?
-100022012011002
In base 8, what is 143675 + 2?
143677
In base 9, what is -43 + 752?
708
In base 14, what is -6 + -1092?
-1098
In base 8, what is -1 + -144555?
-144556
In base 2, what is -101 - 110111000111110?
-110111001000011
In base 10, what is 5 + 15616?
15621
In base 15, what is 9 + a118?
a122
In base 11, what is 4 - 6244?
-6240
In base 14, what is -b55dd - 5?
-b5604
In base 11, what is 4 + 8839?
8842
In base 14, what is -30 + -1